Let c(x) = v*x - 9*x + 3*x + 9 + 0*x. Give c(0).
9
Let h(c) be the second derivative of c**5/60 - 7*c**4/24 + c**3/6 + 3*c. Let v(s) be the second derivative of h(s). Give v(5).
3
Let a(o) = -o**2 + 5 - 3 - 108*o + 117*o. Give a(6).
20
Let r(v) = 7*v**2 + 2*v - 1. Let h be ((-22)/6)/(6/(-54)). Let q be 1/3 + 22/h. Calculate r(q).
8
Let r(n) = -7*n + 2. Let o(q) = -q**3 - 5*q**2 - q + 4. Let d be o(-4). Let w(x) = -4 + 10*x + 1 + 0. Let p(j) = d*r(j) - 5*w(j). Calculate p(1).
5
Let l(s) = 118 - 43 - 36 - 41 - s. What is l(-2)?
0
Let l(d) = -d**3 - d + 1. Let c(a) = 21*a**3 - a**2 + 5*a - 5. Let n(w) = c(w) + 5*l(w). Determine n(1).
15
Let s(k) = -2*k**2 + 2*k. Let u = 4 - 2. Suppose 0*l = -a + u*l + 7, -2*a - 2 = 4*l. Suppose a*t = 4*g + 2, t + 5*g = 3*g + 4. Give s(t).
-4
Let b be 54/(-10) - (-6)/15. Let q(z) = -z**2 - 4*z + 2. Give q(b).
-3
Let p(c) = 6*c - 2. Suppose -v - 1 = r, -v + 4*v = -2*r. Suppose 2*i = i + v. What is p(i)?
10
Let f be -2*((-6)/(-4))/1. Let z(d) be the third derivative of -1/12*d**4 - 1/120*d**6 - 1/20*d**5 + 0 + 0*d - 3*d**2 - 1/6*d**3. Determine z(f).
5
Let v = 5 + -9. Let g be v + (-3)/(-3) + 4. Let n(d) = 4*d**3 + 2*d**2 - 1. Calculate n(g).
5
Let v(y) = 11*y - 3. Let z(b) = b - 15. Let n be z(12). Let q(r) = -4*r + 1. Let o(f) = n*v(f) - 8*q(f). Give o(-5).
6
Let s(z) = -5 - 4*z + 4*z + 8 - 2*z. Let g be s(3). Let j(t) be the third derivative of -t**5/60 - t**4/6 - 2*t**3/3 + t**2. Give j(g).
-1
Let v(u) = -u**2 + 7. Let p be (1 - 1)/(1 + -3). Give v(p).
7
Let k(x) = -x**2 - 6*x + 2. Let c be k(-6). Suppose -c*g + 6 = g. Let t(u) = -g*u**3 - 3*u**2 - 4 + u**3 + 4*u - u. Calculate t(-4).
0
Suppose h + 8 = -h. Let k be 3/(11/h - -2). Let u be 0/1 + (k - -4). Let b(c) = c. What is b(u)?
0
Let k(t) = t - 6. Let z be 10/25 - (-69)/15. Calculate k(z).
-1
Let q(k) = 2*k - 13. Let x be (-24)/(-3)*(-2)/2. Let t(f) = 3*f - 19. Let v(o) = x*q(o) + 5*t(o). Suppose 5*l + 3*a - 16 = -a, -a = 2*l - 7. Calculate v(l).
5
Let s(h) be the first derivative of 10*h + 1/4*h**4 + 2 - 1/3*h**3 + 1/2*h**2. What is s(0)?
10
Let k(d) be the third derivative of d**7/2520 - d**5/60 + 2*d**2. Let h(n) be the third derivative of k(n). Let i = -3 - 0. Calculate h(i).
-6
Let s(o) = -177*o + 8 + 350*o - 172*o. Determine s(-7).
1
Let n(u) = -2 + 0*u + 1 + 2 + u - u**2. Let p(g) = -2*g**2 + 5*g + 2. Let a(v) = 3*n(v) - p(v). Suppose 2*c + 5 = -5*z, 2 = 2*z - z + c. What is a(z)?
-2
Let x(t) = -4 - 4*t + 3*t - 3 + 1. Let u be x(-8). Let c(s) = -3*s**2 + s + 1. What is c(u)?
-9
Let a = 12 + -12. Let g(n) = -n**3 - 10. What is g(a)?
-10
Let z(k) = k**2 - 2*k - 3. Let y be (0 - 1)/((-4)/(-12) + 0). Determine z(y).
12
Suppose -72*j - 32 = -64*j. Let p(q) = 2*q**2 + 2*q + 4. Give p(j).
28
Let j(f) = 207 - 14*f**2 - 207. Determine j(-1).
-14
Let o(z) be the third derivative of -3*z**5/20 - z**4/12 + z**3/6 - 156*z**2. Suppose 2*g - 5 = -3*g. Determine o(g).
-10
Let h(q) be the third derivative of q**5/60 - q**4/24 - q**3/2 - 3*q**2. Let b be (4 + -2)/(2*-1). Let o = b - -1. Calculate h(o).
-3
Let l(g) = -3*g - 2. Let y(r) = 10*r + 6. Let k = 3 + 4. Let f(b) = k*l(b) + 2*y(b). Let p = 0 + -5. Calculate f(p).
3
Let j(s) = 2*s + 2. Let w be j(4). Let l(u) = -u**2 + 9*u + 4. Determine l(w).
-6
Let c(h) = -2*h**2 + 7*h - 4. Suppose -a - 2*a + 12 = 0. Give c(a).
-8
Suppose 8 = 5*u - 12, -31 = -i - 5*u. Suppose y = -v + 9, 3*v = -3*y + 4*y + i. Let h(n) = 6*n**2 + 0*n**2 - 5*n - n**3 - n**2. What is h(y)?
-4
Suppose -26 - 54 = 4*v. Let w be (-24)/v*(-5)/(-2). Let c(q) = -q**3 + q**2 + 3*q + 2. Determine c(w).
-7
Let d(f) = f**3 + 5*f**2 + 7*f + 5. Suppose 3*c + y + 9 = -4*y, -4*c - 12 = -y. Let a = -7 - c. Give d(a).
-7
Let w(j) = 2*j + 0 + 4 - 3. Let p(k) = -k - 4 - 5 - k - 5. Let g be p(-8). Determine w(g).
5
Suppose 2*v + d + 2 = -0, v - 3*d = 13. Let x be v/((11/(-6))/(-11)). Let a(m) = -m + 11. What is a(x)?
5
Suppose 0*t - 4 = -4*t. Let j(q) = -q**3 - 1. Let v(f) = -f**3 - f - 1. Let y = -2 + 0. Let h(x) = t*v(x) + y*j(x). Determine h(0).
1
Let u(b) be the first derivative of b**3/3 + b**2/2 - 3*b - 36. Give u(-4).
9
Let v be (-1)/(-2*(-1)/(-2)). Let l(r) be the first derivative of -2*r**3/3 - r**2/2 + r + 24. Calculate l(v).
-2
Suppose 5*c - 6*c - 5 = 0. Let m(f) = 3*f + 6. Calculate m(c).
-9
Let t = -29 + 31. Let q(z) be the third derivative of 0 - 2/3*z**3 + 1/6*z**4 + 0*z + 2*z**t. Calculate q(3).
8
Let h(m) be the second derivative of m**4/6 + 5*m**3/6 - m**2 - m. Suppose 3*f - 8 = f. Suppose 16 = -5*k + o, -2 = -3*k + f*o + 2. Determine h(k).
10
Let s be (3 - (3 + -4)) + -1. Let v(x) = 0*x**3 + x**s - 2*x**2 + 73 - 75 - 2*x. Determine v(3).
1
Suppose 3*w - 9*w = 0. Let f(h) = h**3 - h**2 + h + 4. What is f(w)?
4
Let t be 3*-1*(1 + 0). Let y(b) = -b**3 - 4*b**2 + 4*b - 2. Let p(k) = -k. Let n(x) = -6*p(x) - y(x). Calculate n(t).
5
Let f(x) = -x**2 + 5*x + 4. Suppose -5*u + 18 = -3*a, 2*u + 5 = 4*a + 1. What is f(u)?
-2
Let c = 4 + -4. Let v(w) = -w + 2*w - 9 + c - 2*w. What is v(-4)?
-5
Let x(z) be the first derivative of 2 + 1/2*z**2 - 2*z. What is x(1)?
-1
Let m be 2*(4 + -7 - -1). Let c(i) = -i**3 - 4*i**2 - 5. Determine c(m).
-5
Let c = -2 + 4. Suppose -v + 8 = -2*w, 5*v - c*v = -3*w - 21. Let y(n) = -3 - 4*n - 3*n + n. Determine y(v).
9
Let t(p) = 2*p - 4. Let k(o) = o. Let r(v) = -k(v) + t(v). Let d = 7 - 2. Suppose g - a - 3 = 0, 3*a - d*a - 10 = -3*g. What is r(g)?
0
Let g = -2 + 5. Let p(n) = -4*n**2 + 0*n + 2 + 0*n - n + 4*n**3. Let v(a) = -9*a**3 + 9*a**2 + a - 5. Let b(r) = -7*p(r) - 3*v(r). Give b(g).
-5
Let q(n) = n**2 + 2*n - 1. Suppose 2*x = -4*v - 6, 2*v - 4*x = -x - 15. Let w be q(v). Let a(m) = -6*m - 5 - m**3 + 2*m**3 + 3*m**w + 0*m**2. Give a(-4).
3
Let q(k) = 23*k**2 - 17*k. Let h(m) = 4*m**2 - 3*m. Let p(b) = -34*h(b) + 6*q(b). Give p(-1).
2
Let v(o) be the third derivative of -2/3*o**3 + 0*o - 4*o**2 - 1/120*o**6 - 1/20*o**5 - 1/8*o**4 + 0. Determine v(-3).
5
Suppose -4*p + 2*i - 32 = -0*p, 0 = -p - i - 8. Let o(k) = -k - 8. Calculate o(p).
0
Let y(r) = 1. Let m(j) = -3*j**2 + j - 3. Let o(t) = -m(t) - 5*y(t). Give o(-2).
12
Suppose -2*b - 64 = -4*y, 18 = y - b - 0*b. Suppose 2*f - 32 = t + 3*t, 3*t = -f - y. Let x be 8/(-6)*t/(-4). Let m(r) = -2*r**2 - 2*r - 1. Calculate m(x).
-5
Suppose 0 = 4*h - 15 - 1. Suppose -h*t = -7*t + 6. Let q be ((-8)/(-12))/(t/15). Let m(o) = o - 4. Give m(q).
1
Let f(j) be the first derivative of -j**2/2 + 6*j - 20. What is f(-6)?
12
Suppose -3*b - 4 = h + b, -h - 2 = 2*b. Suppose i + 10 = 2*f - 3*i, -6 = -2*i. Let n(y) = 24*y - 12*y + 3 - f*y. What is n(h)?
3
Let h(j) = -j**3 + 3*j**2 + 3*j - 3. Let m be 76/(-10) + (-12)/30. Let l = m + 10. Determine h(l).
7
Let y(z) be the third derivative of -9*z**2 + 1/6*z**3 + 0 + 0*z + 1/24*z**4. Determine y(-1).
0
Let o(d) = d**2 + 6*d - 12. Let l be o(-7). Let m(z) = z**3 + 4*z**2 - 3*z + 1. Determine m(l).
-9
Let k(b) = -b**2 - b + 1. Let m(d) = -d**2 + 5*d. Let r(i) = -4*k(i) - m(i). Let u(p) = 4*p**2 - 3. Let a(x) = -3*r(x) + 4*u(x). Calculate a(-4).
4
Let s(b) = 5*b - 1. Let m(k) = -6*k + 1. Let i(d) = -4*m(d) - 5*s(d). Let c = 12 - 12. Give i(c).
1
Let z(p) = -p**3 + 5*p**2 - 4*p + 6. Let b(u) = u**2 + 6*u + 1. Let m be b(-5). Let c = 10 + -16. Let f be (-16)/(-6)*c/m. Determine z(f).
6
Let u(d) = 3*d + 4*d**2 - 4*d + d**2 - 6*d**2. Let c(w) = 2*w + 8. Let v(p) = p + 1. Let o(f) = -c(f) + 3*v(f). Let k be o(5). What is u(k)?
0
Let z(r) = -5*r**2 - 1 + 0 - r + 0. Suppose 4*q - 15 - 5 = 0. Suppose -10 = 5*j - q. What is z(j)?
-5
Let m(j) = -3*j**3 + 5. Let f(a) = a**3 - 2. Let y(p) = -5*f(p) - 2*m(p). Suppose -4*s = 2*s - 9*s. Calculate y(s).
0
Let a(b) = b**3 + b**2 + b + 16. Suppose 0*z - z = 5*y + 25, 2*z - 25 = 5*y. Calculate a(z).
16
Let v(n) = n**3 - n - 1. Let c(d) = d**3 - 7*d**2 - 7*d + 4. Let z(b) = -c(b) + 2*v(b). Suppose 2*t - t = 4*g + 28, -2*t = -8. Determine z(g).
0
Let p(b) be the first derivative of -b**4/4 + 11*b**3/3 + 11*b**2/2 + 13*b + 23. Determine p(12).
1
Let m(p) = p**3 - 7*p**2 + 8*p - 5. Let o be m(6). Let i = 14 - o. Let a(d) = 1 - 4 - d**2 + 2 + i*d - 3*d. Calculate a(2).
3
Let f(j) be the third derivative of -5*j**2 + 0*j + 1/20*j**5 + 0 + 0*j**3 - 1/24*j**4. What is f(-1)?
4
Let y(q) be the second derivative of -q**3/2 